 factors of 4272663.
3, 19, 74959
List the prime factors of 4572475.
5, 182899
List the prime factors of 622258.
2, 7, 13, 263
What are the prime factors of 474371?
47, 10093
List the prime factors of 461210.
2, 5, 17, 2713
List the prime factors of 19602.
2, 3, 11
List the prime factors of 13387426.
2, 13, 23, 61, 367
List the prime factors of 19005011.
43, 151, 2927
List the prime factors of 17144596.
2, 7, 612307
List the prime factors of 12042677.
12042677
List the prime factors of 435718.
2, 217859
List the prime factors of 1504404.
2, 3, 11, 29, 131
What are the prime factors of 1325280?
2, 3, 5, 11, 251
List the prime factors of 1004855.
5, 200971
What are the prime factors of 429197?
429197
What are the prime factors of 767317?
767317
List the prime factors of 13452039.
3, 1494671
List the prime factors of 40099.
40099
What are the prime factors of 590937?
3, 17, 11587
What are the prime factors of 5461808?
2, 11, 31033
What are the prime factors of 9386056?
2, 31, 37847
What are the prime factors of 690883?
523, 1321
List the prime factors of 525682.
2, 67, 3923
List the prime factors of 231582.
2, 3, 13, 2969
List the prime factors of 1420487.
229, 6203
List the prime factors of 112839.
3, 29, 1297
What are the prime factors of 24072?
2, 3, 17, 59
What are the prime factors of 1027637?
13, 137, 577
List the prime factors of 12220698.
2, 3, 7, 197, 211
What are the prime factors of 24604726?
2, 127, 157, 617
List the prime factors of 1084370.
2, 5, 7, 2213
List the prime factors of 15144445.
5, 101, 29989
List the prime factors of 1402171.
79, 17749
What are the prime factors of 2745121?
2745121
What are the prime factors of 2251267?
67, 33601
List the prime factors of 23230671.
3, 7743557
What are the prime factors of 41892?
2, 3, 3491
List the prime factors of 128662.
2, 23, 2797
What are the prime factors of 12920151?
3, 4306717
What are the prime factors of 655201?
23, 61, 467
What are the prime factors of 25999002?
2, 3, 41, 11743
What are the prime factors of 323419?
323419
What are the prime factors of 4752115?
5, 950423
List the prime factors of 109726.
2, 83, 661
What are the prime factors of 219364?
2, 173, 317
What are the prime factors of 19450160?
2, 5, 37, 6571
What are the prime factors of 13846533?
3, 59, 78229
List the prime factors of 989552.
2, 23, 2689
What are the prime factors of 511475?
5, 41, 499
List the prime factors of 2914315.
5, 19, 30677
List the prime factors of 8124174.
2, 3, 451343
List the prime factors of 13486303.
23, 586361
What are the prime factors of 205380?
2, 3, 5, 7, 163
List the prime factors of 485246.
2, 331, 733
What are the prime factors of 297979?
11, 103, 263
What are the prime factors of 889216?
2, 6947
List the prime factors of 132621.
3, 44207
List the prime factors of 15616581.
3, 5205527
What are the prime factors of 5221912?
2, 652739
List the prime factors of 353767.
353767
List the prime factors of 7416192.
2, 3, 7, 31, 89
What are the prime factors of 8082111?
3, 2694037
List the prime factors of 23575924.
2, 317, 18593
What are the prime factors of 14194596?
2, 3, 13, 19, 4789
What are the prime factors of 11999755?
5, 2399951
List the prime factors of 546704.
2, 47, 727
What are the prime factors of 172137?
3, 7, 1171
What are the prime factors of 25764?
2, 3, 19, 113
What are the prime factors of 995205?
3, 5, 66347
What are the prime factors of 1489646?
2, 744823
List the prime factors of 4711703.
17, 47, 5897
What are the prime factors of 9618524?
2, 2404631
What are the prime factors of 5813221?
19, 271, 1129
What are the prime factors of 5775055?
5, 11, 13, 41, 197
What are the prime factors of 484394?
2, 242197
What are the prime factors of 97601?
7, 73, 191
What are the prime factors of 272798?
2, 136399
List the prime factors of 2519070.
2, 3, 5, 83969
What are the prime factors of 3438273?
3, 1146091
What are the prime factors of 38218712?
2, 7, 73, 9349
List the prime factors of 4187332.
2, 1046833
What are the prime factors of 1392172?
2, 348043
What are the prime factors of 916689?
3, 305563
What are the prime factors of 1097126?
2, 421, 1303
List the prime factors of 8717359.
7, 911, 1367
List the prime factors of 69757.
79, 883
What are the prime factors of 5228601?
3, 7, 248981
List the prime factors of 3316634.
2, 53, 67, 467
List the prime factors of 2171942.
2, 1085971
What are the prime factors of 1359159?
3, 453053
What are the prime factors of 9528748?
2, 2382187
List the prime factors of 22417075.
5, 223, 4021
What are the prime factors of 645932?
2, 7, 17, 23, 59
List the prime factors of 4685693.
17, 101, 2729
What are the prime factors of 1182442?
2, 593, 997
List the prime factors of 648616.
2, 81077
List the prime factors of 926355.
3, 5, 61757
List the prime factors of 60501.
3, 7, 43, 67
What are the prime factors of 596942?
2, 19, 23, 683
List the prime factors of 341709.
3, 113903
What are the prime factors of 7447835?
5, 313, 4759
List the prime factors of 16221402.
2, 3, 19, 47431
What are the prime factors of 2511698?
2, 7, 179407
What are the prime factors of 1561384?
2, 11, 1613
List the prime factors of 287276.
2, 11, 6529
What are the prime factors of 7952?
2, 7, 71
List the prime factors of 1628741.
613, 2657
What are the prime factors of 235635?
3, 5, 23, 683
List the prime factors of 5029649.
5029649
What are the prime factors of 27537?
3, 67, 137
What are the prime factors of 4946171?
229, 21599
List the prime factors of 26443.
31, 853
List the prime factors of 574746.
2, 3, 95791
List the prime factors of 356522.
2, 178261
What are the prime factors of 13217020?
2, 5, 660851
List the prime factors of 35470.
2, 5, 3547
What are the prime factors of 165527?
165527
What are the prime factors of 29645321?
23, 239, 5393
What are the prime factors of 1599756?
2, 3, 29, 4597
List the prime factors of 284866.
2, 142433
What are the prime factors of 96855?
3, 5, 11, 587
List the prime factors of 191875.
5, 307
List the prime factors of 20899800.
2, 3, 5, 17, 683
What are the prime factors of 23502675?
3, 5, 7, 89, 503
List the prime factors of 1881536.
2, 29399
List the prime factors of 4199489.
7, 599927
List the prime factors of 45104349.
3, 17, 31, 47, 607
What are the prime factors of 4750117?
4750117
What are the prime factors of 682733?
682733
What are the prime factors of 244447?
7, 47, 743
List the prime factors of 16988552.
2, 7, 303367
What are the prime factors of 2444023?
79, 30937
List the prime factors of 1685679.
3, 211, 2663
List the prime factors of 15578889.
3, 23, 225781
What are the prime factors of 4543800?
2, 3, 5, 7573
List the prime factors of 24226.
2, 12113
What are the prime factors of 123869?
97, 1277
What are the prime factors of 227783?
17, 13399
What are the prime factors of 1587372?
2, 3, 179, 739
What are the prime factors of 14082766?
2, 17, 414199
List the prime factors of 2203543.
151, 14593
What are the prime factors of 866457?
3, 19, 563
List the prime factors of 377304.
2, 3, 79, 199
List the prime factors of 1953801.
3, 24121
What are the prime factors of 14487475?
5, 579499
What are the prime factors of 975858?
2, 3, 13, 12511
List the prime factors of 338460.
2, 3, 5, 5641
List the prime factors of 1085653.
47, 23099
What are the prime factors of 12032461?
7, 1718923
List the prime factors of 1555800.
2, 3, 5, 2593
What are the prime factors of 2047261?
1009, 2029
List the prime factors of 7819898.
2, 17, 127, 1811
What are the prime factors of 3316817?
7, 29, 16339
List the prime factors of 11189.
67, 167
List the prime factors of 807503.
197, 4099
What are the prime factors of 8291384?
2, 31, 67, 499
What are the prime factors of 6269467?
937, 6691
List the prime factors of 347050.
2, 5, 11, 631
List the prime factors of 3566950.
2, 5, 71339
What are the prime factors of 21341989?
1951, 10939
What are the prime factors of 4555326?
2, 3, 19, 31, 1289
What are the prime factors of 812876?
2, 103, 1973
List the prime factors of 4637421.
3, 23, 43, 521
List the prime factors of 2782326.
2, 3, 37, 83, 151
List the prime factors of 1474083.
3, 13, 43, 293
List the prime factors of 6333137.
19, 333323
What are the prime factors of 1504190?
2, 5, 349, 431
List the prime factors of 585129.
3, 195043
Wh